{"id":84,"date":"2019-11-11T12:52:38","date_gmt":"2019-11-11T11:52:38","guid":{"rendered":"http:\/\/masterrent.pl\/?page_id=84"},"modified":"2019-12-09T14:59:05","modified_gmt":"2019-12-09T13:59:05","slug":"ogrodzenia-tymczasowe","status":"publish","type":"page","link":"https:\/\/masterrent.pl\/?page_id=84","title":{"rendered":"Ogrodzenia tymczasowe"},"content":{"rendered":"\t\t<div data-elementor-type=\"wp-page\" data-elementor-id=\"84\" class=\"elementor elementor-84\">\n\t\t\t\t\t\t<div class=\"elementor-inner\">\n\t\t\t\t<div class=\"elementor-section-wrap\">\n\t\t\t\t\t\t\t\t\t<section class=\"elementor-section elementor-top-section elementor-element elementor-element-313de79 elementor-section-boxed elementor-section-height-default elementor-section-height-default\" data-id=\"313de79\" data-element_type=\"section\">\n\t\t\t\t\t\t<div class=\"elementor-container elementor-column-gap-default\">\n\t\t\t\t\t\t\t<div class=\"elementor-row\">\n\t\t\t\t\t<div class=\"elementor-column elementor-col-100 elementor-top-column elementor-element elementor-element-de5776f\" data-id=\"de5776f\" data-element_type=\"column\">\n\t\t\t<div class=\"elementor-column-wrap elementor-element-populated\">\n\t\t\t\t\t\t\t<div class=\"elementor-widget-wrap\">\n\t\t\t\t\t\t<div class=\"elementor-element elementor-element-e802e10 elementor-widget elementor-widget-text-editor\" data-id=\"e802e10\" data-element_type=\"widget\" data-widget_type=\"text-editor.default\">\n\t\t\t\t<div class=\"elementor-widget-container\">\n\t\t\t\t\t\t\t\t<div class=\"elementor-text-editor elementor-clearfix\">\n\t\t\t\t<p><strong>Ogrodzenia tymczasowe, ogrodzenia budowlane<\/strong>. Oferujemy kompletne zestawy ogrodze\u0144 zawieraj\u0105ce panele, stopy, z\u0142\u0105czki, wsporniki, furtki i akcesoria s\u0142u\u017c\u0105ce do ich monta\u017cu. . Dzi\u0119ki temu nasi klienci maj\u0105 pewno\u015b\u0107, \u017ce ogrodzenia tymczasowe b\u0119d\u0105 solidne, bezpieczne dla u\u017cytkownik\u00f3w i skutecznie zabezpiecz\u0105 inwestycj\u0119 przez osobami nieupowa\u017cnionymi. Najpopularniejszym zastosowaniem ogrodze\u0144 a\u017curowych jest tymczasowe wydzielanie przestrzeni zamkni\u0119tych. S\u0105 one cz\u0119sto wykorzystywane na placach bud\u00f3w, w magazynach i na imprezach masowych. Spo\u015br\u00f3d wszystkich rodzaj\u00f3w ogrodze\u0144, wyr\u00f3\u017cnia je przede wszystkim prosty i szybki monta\u017c. <\/p>\t\t\t\t\t<\/div>\n\t\t\t\t\t\t<\/div>\n\t\t\t\t<\/div>\n\t\t\t\t\t\t<\/div>\n\t\t\t\t\t<\/div>\n\t\t<\/div>\n\t\t\t\t\t\t\t\t<\/div>\n\t\t\t\t\t<\/div>\n\t\t<\/section>\n\t\t\t\t<section class=\"elementor-section elementor-top-section elementor-element elementor-element-f3adca1 elementor-section-boxed elementor-section-height-default elementor-section-height-default\" data-id=\"f3adca1\" data-element_type=\"section\">\n\t\t\t\t\t\t<div class=\"elementor-container elementor-column-gap-default\">\n\t\t\t\t\t\t\t<div class=\"elementor-row\">\n\t\t\t\t\t<div class=\"elementor-column elementor-col-100 elementor-top-column elementor-element elementor-element-2203d17\" data-id=\"2203d17\" data-element_type=\"column\">\n\t\t\t<div class=\"elementor-column-wrap elementor-element-populated\">\n\t\t\t\t\t\t\t<div class=\"elementor-widget-wrap\">\n\t\t\t\t\t\t<div class=\"elementor-element elementor-element-281ffea elementor-position-left elementor-vertical-align-top elementor-widget elementor-widget-image-box\" data-id=\"281ffea\" data-element_type=\"widget\" data-widget_type=\"image-box.default\">\n\t\t\t\t<div class=\"elementor-widget-container\">\n\t\t\t<div class=\"elementor-image-box-wrapper\"><figure class=\"elementor-image-box-img\"><img width=\"275\" height=\"183\" src=\"https:\/\/masterrent.pl\/wp-content\/uploads\/2019\/11\/ogrodzenie.jpg\" class=\"attachment-full size-full\" alt=\"\" loading=\"lazy\" \/><\/figure><div class=\"elementor-image-box-content\"><h3 class=\"elementor-image-box-title\">Panel a\u017curowy<\/h3><p class=\"elementor-image-box-description\">\n    \n    Wymiar prz\u0119s\u0142a 3472mm x 2000mm.\n    Wymiar oczka siatki 100 x 300mm.\n    Grubo\u015b\u0107  drutu: poz - 4 mm ; pion - 3,5 mm \n    Waga 16kg.\n    \u0141atwe i proste w monta\u017cu.\n    Mo\u017cliwo\u015b\u0107 monta\u017cu bramy i furtki.\n<\/p><\/div><\/div>\t\t<\/div>\n\t\t\t\t<\/div>\n\t\t\t\t<div class=\"elementor-element elementor-element-d953d5f elementor-widget elementor-widget-spacer\" data-id=\"d953d5f\" data-element_type=\"widget\" data-widget_type=\"spacer.default\">\n\t\t\t\t<div class=\"elementor-widget-container\">\n\t\t\t\t\t<div class=\"elementor-spacer\">\n\t\t\t<div class=\"elementor-spacer-inner\"><\/div>\n\t\t<\/div>\n\t\t\t\t<\/div>\n\t\t\t\t<\/div>\n\t\t\t\t\t\t<\/div>\n\t\t\t\t\t<\/div>\n\t\t<\/div>\n\t\t\t\t\t\t\t\t<\/div>\n\t\t\t\t\t<\/div>\n\t\t<\/section>\n\t\t\t\t<section class=\"elementor-section elementor-top-section elementor-element elementor-element-cd79a6a elementor-section-boxed elementor-section-height-default elementor-section-height-default\" data-id=\"cd79a6a\" data-element_type=\"section\">\n\t\t\t\t\t\t<div class=\"elementor-container elementor-column-gap-default\">\n\t\t\t\t\t\t\t<div class=\"elementor-row\">\n\t\t\t\t\t<div class=\"elementor-column elementor-col-100 elementor-top-column elementor-element elementor-element-dcb6666\" data-id=\"dcb6666\" data-element_type=\"column\">\n\t\t\t<div class=\"elementor-column-wrap elementor-element-populated\">\n\t\t\t\t\t\t\t<div class=\"elementor-widget-wrap\">\n\t\t\t\t\t\t<div class=\"elementor-element elementor-element-660c44b elementor-position-left elementor-vertical-align-top elementor-widget elementor-widget-image-box\" data-id=\"660c44b\" data-element_type=\"widget\" data-widget_type=\"image-box.default\">\n\t\t\t\t<div class=\"elementor-widget-container\">\n\t\t\t<div class=\"elementor-image-box-wrapper\"><figure class=\"elementor-image-box-img\"><img width=\"567\" height=\"377\" src=\"https:\/\/masterrent.pl\/wp-content\/uploads\/2019\/11\/ogrodzenie-furtka.jpg\" class=\"attachment-full size-full\" alt=\"\" loading=\"lazy\" \/><\/figure><div class=\"elementor-image-box-content\"><h3 class=\"elementor-image-box-title\">Furtka do ogrodzenia<\/h3><p class=\"elementor-image-box-description\">\n    Furtka ogrodzenia.\n    Wymiary 1,1m x 2m\n<\/p><\/div><\/div>\t\t<\/div>\n\t\t\t\t<\/div>\n\t\t\t\t\t\t<\/div>\n\t\t\t\t\t<\/div>\n\t\t<\/div>\n\t\t\t\t\t\t\t\t<\/div>\n\t\t\t\t\t<\/div>\n\t\t<\/section>\n\t\t\t\t<section class=\"elementor-section elementor-top-section elementor-element elementor-element-d891ba9 elementor-section-boxed elementor-section-height-default elementor-section-height-default\" data-id=\"d891ba9\" data-element_type=\"section\">\n\t\t\t\t\t\t<div class=\"elementor-container elementor-column-gap-default\">\n\t\t\t\t\t\t\t<div class=\"elementor-row\">\n\t\t\t\t\t<div class=\"elementor-column elementor-col-100 elementor-top-column elementor-element elementor-element-c211e5b\" data-id=\"c211e5b\" data-element_type=\"column\">\n\t\t\t<div class=\"elementor-column-wrap elementor-element-populated\">\n\t\t\t\t\t\t\t<div class=\"elementor-widget-wrap\">\n\t\t\t\t\t\t<div class=\"elementor-element elementor-element-36de809 elementor-widget elementor-widget-spacer\" data-id=\"36de809\" data-element_type=\"widget\" data-widget_type=\"spacer.default\">\n\t\t\t\t<div class=\"elementor-widget-container\">\n\t\t\t\t\t<div class=\"elementor-spacer\">\n\t\t\t<div class=\"elementor-spacer-inner\"><\/div>\n\t\t<\/div>\n\t\t\t\t<\/div>\n\t\t\t\t<\/div>\n\t\t\t\t\t\t<\/div>\n\t\t\t\t\t<\/div>\n\t\t<\/div>\n\t\t\t\t\t\t\t\t<\/div>\n\t\t\t\t\t<\/div>\n\t\t<\/section>\n\t\t\t\t<section class=\"elementor-section elementor-top-section elementor-element elementor-element-ac896aa elementor-section-boxed elementor-section-height-default elementor-section-height-default\" data-id=\"ac896aa\" data-element_type=\"section\">\n\t\t\t\t\t\t<div class=\"elementor-container elementor-column-gap-default\">\n\t\t\t\t\t\t\t<div class=\"elementor-row\">\n\t\t\t\t\t<div class=\"elementor-column elementor-col-100 elementor-top-column elementor-element elementor-element-58a180b\" data-id=\"58a180b\" data-element_type=\"column\">\n\t\t\t<div class=\"elementor-column-wrap elementor-element-populated\">\n\t\t\t\t\t\t\t<div class=\"elementor-widget-wrap\">\n\t\t\t\t\t\t<div class=\"elementor-element elementor-element-0595fec elementor-position-left elementor-vertical-align-top elementor-widget elementor-widget-image-box\" data-id=\"0595fec\" data-element_type=\"widget\" data-widget_type=\"image-box.default\">\n\t\t\t\t<div class=\"elementor-widget-container\">\n\t\t\t<div class=\"elementor-image-box-wrapper\"><figure class=\"elementor-image-box-img\"><img width=\"1020\" height=\"707\" src=\"https:\/\/masterrent.pl\/wp-content\/uploads\/2019\/11\/stopa.jpg\" class=\"attachment-full size-full\" alt=\"\" loading=\"lazy\" \/><\/figure><div class=\"elementor-image-box-content\"><h3 class=\"elementor-image-box-title\">Stopa betonowa<\/h3><p class=\"elementor-image-box-description\">\n    wymiary 620x220x130mm,\n    waga oko\u0142o 35 kg,\n    s\u0142u\u017cy do mocowania paneli ogrodzeniowych do pod\u0142o\u017ca,\n    dodatkowe otwory do mocowania znak\u00f3w drogowych\n<\/p><\/div><\/div>\t\t<\/div>\n\t\t\t\t<\/div>\n\t\t\t\t\t\t<\/div>\n\t\t\t\t\t<\/div>\n\t\t<\/div>\n\t\t\t\t\t\t\t\t<\/div>\n\t\t\t\t\t<\/div>\n\t\t<\/section>\n\t\t\t\t<section class=\"elementor-section elementor-top-section elementor-element elementor-element-1c8acf4 elementor-section-boxed elementor-section-height-default elementor-section-height-default\" data-id=\"1c8acf4\" data-element_type=\"section\">\n\t\t\t\t\t\t<div class=\"elementor-container elementor-column-gap-default\">\n\t\t\t\t\t\t\t<div class=\"elementor-row\">\n\t\t\t\t\t<div class=\"elementor-column elementor-col-100 elementor-top-column elementor-element elementor-element-3747a97\" data-id=\"3747a97\" data-element_type=\"column\">\n\t\t\t<div class=\"elementor-column-wrap elementor-element-populated\">\n\t\t\t\t\t\t\t<div class=\"elementor-widget-wrap\">\n\t\t\t\t\t\t<div class=\"elementor-element elementor-element-a01fd77 elementor-widget elementor-widget-spacer\" data-id=\"a01fd77\" data-element_type=\"widget\" data-widget_type=\"spacer.default\">\n\t\t\t\t<div class=\"elementor-widget-container\">\n\t\t\t\t\t<div class=\"elementor-spacer\">\n\t\t\t<div class=\"elementor-spacer-inner\"><\/div>\n\t\t<\/div>\n\t\t\t\t<\/div>\n\t\t\t\t<\/div>\n\t\t\t\t\t\t<\/div>\n\t\t\t\t\t<\/div>\n\t\t<\/div>\n\t\t\t\t\t\t\t\t<\/div>\n\t\t\t\t\t<\/div>\n\t\t<\/section>\n\t\t\t\t<section class=\"elementor-section elementor-top-section elementor-element elementor-element-926552f elementor-section-boxed elementor-section-height-default elementor-section-height-default\" data-id=\"926552f\" data-element_type=\"section\">\n\t\t\t\t\t\t<div class=\"elementor-container elementor-column-gap-default\">\n\t\t\t\t\t\t\t<div class=\"elementor-row\">\n\t\t\t\t\t<div class=\"elementor-column elementor-col-100 elementor-top-column elementor-element elementor-element-2ee8bfc\" data-id=\"2ee8bfc\" data-element_type=\"column\">\n\t\t\t<div class=\"elementor-column-wrap elementor-element-populated\">\n\t\t\t\t\t\t\t<div class=\"elementor-widget-wrap\">\n\t\t\t\t\t\t<div class=\"elementor-element elementor-element-186a900 elementor-widget elementor-widget-heading\" data-id=\"186a900\" data-element_type=\"widget\" data-widget_type=\"heading.default\">\n\t\t\t\t<div class=\"elementor-widget-container\">\n\t\t\t<h2 class=\"elementor-heading-title elementor-size-default\">Cennik wynajmu<\/h2>\t\t<\/div>\n\t\t\t\t<\/div>\n\t\t\t\t\t\t<\/div>\n\t\t\t\t\t<\/div>\n\t\t<\/div>\n\t\t\t\t\t\t\t\t<\/div>\n\t\t\t\t\t<\/div>\n\t\t<\/section>\n\t\t\t\t<section class=\"elementor-section elementor-top-section elementor-element elementor-element-06e0827 elementor-section-boxed elementor-section-height-default elementor-section-height-default\" data-id=\"06e0827\" data-element_type=\"section\">\n\t\t\t\t\t\t<div class=\"elementor-container elementor-column-gap-default\">\n\t\t\t\t\t\t\t<div class=\"elementor-row\">\n\t\t\t\t\t<div class=\"elementor-column elementor-col-100 elementor-top-column elementor-element elementor-element-1d71297\" data-id=\"1d71297\" data-element_type=\"column\">\n\t\t\t<div class=\"elementor-column-wrap elementor-element-populated\">\n\t\t\t\t\t\t\t<div class=\"elementor-widget-wrap\">\n\t\t\t\t\t\t<div class=\"elementor-element elementor-element-6101aa4 elementor-widget elementor-widget-image\" data-id=\"6101aa4\" data-element_type=\"widget\" data-widget_type=\"image.default\">\n\t\t\t\t<div class=\"elementor-widget-container\">\n\t\t\t\t\t\t\t\t<div class=\"elementor-image\">\n\t\t\t\t\t\t\t\t\t\t\t\t<img width=\"500\" height=\"80\" src=\"https:\/\/masterrent.pl\/wp-content\/uploads\/2019\/12\/cennik-ogrodzenia-1.png\" class=\"attachment-large size-large\" alt=\"\" loading=\"lazy\" srcset=\"https:\/\/masterrent.pl\/wp-content\/uploads\/2019\/12\/cennik-ogrodzenia-1.png 500w, https:\/\/masterrent.pl\/wp-content\/uploads\/2019\/12\/cennik-ogrodzenia-1-300x48.png 300w\" sizes=\"(max-width: 500px) 85vw, 500px\" \/>\t\t\t\t\t\t\t\t\t\t\t\t\t\t<\/div>\n\t\t\t\t\t\t<\/div>\n\t\t\t\t<\/div>\n\t\t\t\t\t\t<\/div>\n\t\t\t\t\t<\/div>\n\t\t<\/div>\n\t\t\t\t\t\t\t\t<\/div>\n\t\t\t\t\t<\/div>\n\t\t<\/section>\n\t\t\t\t<section class=\"elementor-section elementor-top-section elementor-element elementor-element-897626a elementor-section-boxed elementor-section-height-default elementor-section-height-default\" data-id=\"897626a\" data-element_type=\"section\">\n\t\t\t\t\t\t<div class=\"elementor-container elementor-column-gap-default\">\n\t\t\t\t\t\t\t<div class=\"elementor-row\">\n\t\t\t\t\t<div class=\"elementor-column elementor-col-100 elementor-top-column elementor-element elementor-element-b3791c3\" data-id=\"b3791c3\" data-element_type=\"column\">\n\t\t\t<div class=\"elementor-column-wrap elementor-element-populated\">\n\t\t\t\t\t\t\t<div class=\"elementor-widget-wrap\">\n\t\t\t\t\t\t<div class=\"elementor-element elementor-element-57694f6 elementor-widget elementor-widget-spacer\" data-id=\"57694f6\" data-element_type=\"widget\" data-widget_type=\"spacer.default\">\n\t\t\t\t<div class=\"elementor-widget-container\">\n\t\t\t\t\t<div class=\"elementor-spacer\">\n\t\t\t<div class=\"elementor-spacer-inner\"><\/div>\n\t\t<\/div>\n\t\t\t\t<\/div>\n\t\t\t\t<\/div>\n\t\t\t\t<div class=\"elementor-element elementor-element-ba4cca5 elementor-align-right elementor-widget elementor-widget-button\" data-id=\"ba4cca5\" data-element_type=\"widget\" data-widget_type=\"button.default\">\n\t\t\t\t<div class=\"elementor-widget-container\">\n\t\t\t\t\t<div class=\"elementor-button-wrapper\">\n\t\t\t<a href=\"https:\/\/masterrent.pl\/?page_id=31\" class=\"elementor-button-link elementor-button elementor-size-sm\" role=\"button\">\n\t\t\t\t\t\t<span class=\"elementor-button-content-wrapper\">\n\t\t\t\t\t\t<span class=\"elementor-button-text\">Powr\u00f3t<\/span>\n\t\t<\/span>\n\t\t\t\t\t<\/a>\n\t\t<\/div>\n\t\t\t\t<\/div>\n\t\t\t\t<\/div>\n\t\t\t\t\t\t<\/div>\n\t\t\t\t\t<\/div>\n\t\t<\/div>\n\t\t\t\t\t\t\t\t<\/div>\n\t\t\t\t\t<\/div>\n\t\t<\/section>\n\t\t\t\t\t\t\t\t\t<\/div>\n\t\t\t<\/div>\n\t\t\t\t\t<\/div>\n\t\t","protected":false},"excerpt":{"rendered":"<p>Ogrodzenia tymczasowe, ogrodzenia budowlane. Oferujemy kompletne zestawy ogrodze\u0144 zawieraj\u0105ce panele, stopy, z\u0142\u0105czki, wsporniki, furtki i akcesoria s\u0142u\u017c\u0105ce do ich monta\u017cu. . Dzi\u0119ki temu nasi klienci maj\u0105 pewno\u015b\u0107, \u017ce ogrodzenia tymczasowe b\u0119d\u0105 solidne, bezpieczne dla u\u017cytkownik\u00f3w i skutecznie zabezpiecz\u0105 inwestycj\u0119 przez osobami nieupowa\u017cnionymi. Najpopularniejszym zastosowaniem ogrodze\u0144 a\u017curowych jest tymczasowe wydzielanie przestrzeni zamkni\u0119tych. S\u0105 one cz\u0119sto wykorzystywane &hellip; <a href=\"https:\/\/masterrent.pl\/?page_id=84\" class=\"more-link\">Czytaj dalej<span class=\"screen-reader-text\"> \u201eOgrodzenia tymczasowe\u201d<\/span><\/a><\/p>\n","protected":false},"author":1,"featured_media":0,"parent":0,"menu_order":0,"comment_status":"closed","ping_status":"closed","template":"","meta":[],"_links":{"self":[{"href":"https:\/\/masterrent.pl\/index.php?rest_route=\/wp\/v2\/pages\/84"}],"collection":[{"href":"https:\/\/masterrent.pl\/index.php?rest_route=\/wp\/v2\/pages"}],"about":[{"href":"https:\/\/masterrent.pl\/index.php?rest_route=\/wp\/v2\/types\/page"}],"author":[{"embeddable":true,"href":"https:\/\/masterrent.pl\/index.php?rest_route=\/wp\/v2\/users\/1"}],"replies":[{"embeddable":true,"href":"https:\/\/masterrent.pl\/index.php?rest_route=%2Fwp%2Fv2%2Fcomments&post=84"}],"version-history":[{"count":5,"href":"https:\/\/masterrent.pl\/index.php?rest_route=\/wp\/v2\/pages\/84\/revisions"}],"predecessor-version":[{"id":292,"href":"https:\/\/masterrent.pl\/index.php?rest_route=\/wp\/v2\/pages\/84\/revisions\/292"}],"wp:attachment":[{"href":"https:\/\/masterrent.pl\/index.php?rest_route=%2Fwp%2Fv2%2Fmedia&parent=84"}],"curies":[{"name":"wp","href":"https:\/\/api.w.org\/{rel}","templated":true}]}}